n(d) = -3*d**2 - 2*d + 3*d**2 - 6*d - 305 - 6*d**2 + 306 + d**3. Suppose -1 = -5*y + 2*y - 5*h, -3*y + 9 = 3*h. Give n(y).
-6
Let f be 6*1 - -2 - 2. Let t(z) be the third derivative of -3/2*z**3 - 1/60*z**5 - z + 0 + 1/3*z**4 + 2*z**2. Give t(f).
3
Let k(t) = -5*t**2 - 21417*t - 106 + 111 + 21411*t + t**3. Give k(6).
5
Let r(d) = d**2 - 9*d + 11. Let w(q) = 90 - 3*q**2 - 247 + 122 + 26*q. Let f(m) = -7*r(m) - 2*w(m). Determine f(7).
21
Let g(m) = 6*m**3 + m**2 + 2. Suppose -61*v = -115 - 7. Determine g(v).
54
Let s(d) = -8*d + d**2 + 2*d**2 - 5*d**2 + 6 - 1. Let w be (-6)/(-2)*(6 + 125/(-15)). Determine s(w).
-37
Suppose 5*g + 9 + 56 = 4*c, 3*g = -15. Let d(h) = -2*h - 7*h - c + 10*h. Suppose -12*m + 91 = -5. Calculate d(m).
-2
Let s(k) = k + 7. Let w(p) = p**3 + 14*p**2 - p - 19. Let x = 183 + -197. Let v be w(x). Give s(v).
2
Suppose 0 = 11*i - 8*i - 6. Suppose -f + 0*f = i*f. Let l(v) = -v - 1. What is l(f)?
-1
Suppose -22*h = -31*h + 18. Let r(b) = h*b + 1 + 5*b**2 + b + 6*b**2 - 15*b**2. Calculate r(-2).
-21
Let z be 138/54 - 6 - (-2 - 28/(-18)). Let x(l) = l**3 + l**2 - 6*l + 2. What is x(z)?
2
Let i(b) = -3*b + 8. Let w be 21/6*72/126. Suppose 3*j + 1 = w*l, j + 40 = -92*l + 87*l. Give i(l).
29
Suppose -5*c + 0*c - 3*p - 3 = 0, 5*c + 23 = 2*p. Let o(y) = -1 - y**2 - 241*y + 81*y + 159*y. What is o(c)?
-7
Suppose -55*w + 64*w = 27. Let b(s) = 3 + s**w + 2*s**2 + 547*s + 5*s**2 - 542*s. What is b(-6)?
9
Suppose 14*v - 594 = -13*v. Let j(z) = -z**2 + 14*z + 167. Let f be j(v). Let p(a) = -a**3 - 4*a**2 + 1 - 3*a - 14 - 5*a**2. Determine p(f).
14
Let s(q) = -q**2 + q - 1. Let j(g) = -g**3 - 6*g**2 - 18*g + 11. Let c(v) = j(v) + 5*s(v). Suppose -15770 + 14560 = 121*l. Calculate c(l).
36
Let n(m) = -87*m**2 + 1088 + 84*m**2 - 542 + 3*m - 541. What is n(4)?
-31
Let g(f) = 11*f - 26*f + 110 + 23*f. Let d be g(-13). Let s(a) = -a**3 + 5*a**2 + 3*a - 6. Give s(d).
-24
Let h(w) = -w**2 - 42*w - 49. Let y(v) = v**2 + 36*v + 42. Let r(x) = -4*h(x) - 5*y(x). Determine r(-8).
18
Suppose -236*i + 288 = -235*i. Let b(o) = -147*o - 140*o + i*o + 6. Give b(-8).
-2
Let u(q) = q**2 + 13*q + 14. Let y be 2 + -2 - 55/5. Let k be u(y). Let i(s) = -17*s - 9. Let p(c) = -8*c. Let d(w) = -i(w) + 2*p(w). Determine d(k).
1
Let c = -16824 + 16825. Let y(d) = -10*d + 6. Let q(w) = 5*w - 3. Let f(p) = 7*q(p) + 3*y(p). Determine f(c).
2
Let n(v) = 196*v - 76. Let q(b) = -520*b + 227. Let i(s) = 8*n(s) + 3*q(s). Calculate i(-9).
1
Let h(c) = -c + 19. Let p(k) = -25*k + 246. Let r(o) = 5*h(o) - p(o). What is r(8)?
9
Let u(t) be the first derivative of -t**4/4 - 2*t**3 + 20*t**2 + 6*t - 1085. What is u(-10)?
6
Let w(a) = a. Let x(n) be the second derivative of n**5/20 - 3*n**4/4 + 5*n**3/2 + 3*n**2/2 + 29*n. Let g be x(7). Determine w(g).
10
Let b(v) = -3*v - 123. Let q = -18840 - -18817. Calculate b(q).
-54
Let a(u) = u**3 - 5*u**2 - 8*u + 9. Let c be a(6). Let p(g) = 368*g - 383. Let l(s) = -70*s + 73. Let n(o) = 21*l(o) + 4*p(o). What is n(c)?
-5
Suppose -37*f = -26*f - 495. Suppose 9 = 9*l + f. Let d(m) = m**2 - 5. What is d(l)?
11
Let v(d) = 5 + 2 - 2 - 4. Let h(o) = 16*o + 1. Let l(z) = 87*z + 6. Let r(q) = -22*h(q) + 4*l(q). Let p(n) = -r(n) + 6*v(n). What is p(-5)?
-16
Let g(w) = 233 + 3*w**2 - 4*w**2 + 182 - 414. Suppose -3*d = 2*b + 3*b - 23, 3*d + 17 = 5*b. Suppose 1 = -s - d. What is g(s)?
-3
Let n be (34/5)/2 - 30/75. Let q(r) = -11*r - 12*r**2 - 306*r**3 + r + 305*r**n + 2. Determine q(-11).
-9
Let f(k) = 38*k - 152. Let z = 6378 + -6374. Determine f(z).
0
Let h(u) be the first derivative of 3*u**4/2 + u**3/6 + 103*u + 14. Let a(v) be the first derivative of h(v). Give a(1).
19
Suppose k + 2*w + 2*w - 66 = 0, 3*w = 9. Let b = 56 - k. Let t(x) = -66*x - 6 + 73*x - x**b + 0*x**2. Give t(5).
4
Let f be 7 + -11 - 10*(-12)/30. Let t(c) = 4*c. Let x(q) = q. Let h = 13 + -12. Let m(o) = h*t(o) - 5*x(o). Determine m(f).
0
Suppose -4*k - 4 + 16 = 2*b, -k = -1. Suppose -4*x + 4*c + 0 = -b, -3*x - 4*c + 10 = 0. Let y be -1 + 6 - x/2. Let i(n) = -n**2 + 5*n. What is i(y)?
4
Let x = 9 + -13. Let u(a) = 3*a**2 + 4*a**2 - 2*a + a - 6*a**2 + 4*a. Give u(x).
4
Let k(f) = -7*f**2 + 2. Let h(z) = -z**3 - 8*z**2 + 17*z - 27. Let v be h(-10). Calculate k(v).
-61
Suppose -16 = -13*t - 4*i, -42*t + 40*t + 4*i = 16. Let u(q) = q**3 - q**2 - 16*q + 16. Give u(t).
16
Let d(h) = 36 - 2*h**2 - 14*h - 128 - 10*h + h**2. Give d(-18).
16
Let g be 2 + (28 - 14 - 3). Let n(l) be the third derivative of -1/120*l**6 + 7/60*l**5 - 1/8*l**4 - 1/2*l**3 + 0 + 0*l - g*l**2. Calculate n(6).
15
Let y(a) = -a**3 - 8*a**2 + 10*a + 16. Let q = 12933 + -12942. What is y(q)?
7
Let f(a) be the second derivative of -17*a**3/6 - 263*a**2/2 - 12204*a. What is f(-16)?
9
Let n(p) be the second derivative of 1/6*p**3 + p + 0*p**2 - 1/12*p**4 - 11. Calculate n(0).
0
Let i(a) = 3*a + 2. Let c = 161 + -148. Let s = 11 - c. Calculate i(s).
-4
Suppose -6*t = -16*t + 30. Suppose d + 4*y + 19 = -5, t*d + 4 = 5*y. Let r(j) = -j**3 - 7*j**2 + 7*j - 8. Calculate r(d).
0
Let s(f) = -f**2 - 3. Let n(l) = -405*l - 2430. Let g be n(-6). Give s(g).
-3
Let a(u) = -3605*u**2 - 5 - 3604*u**2 - 1 - 8*u + 10810*u**2 - 3602*u**2. Give a(-14).
-90
Suppose 5*h = -5*i + 7*i - 8, -16 = -4*h - 4*i. Let z(v) = 3 + 1 - v - v**2 - 2. What is z(h)?
2
Let u(y) be the third derivative of y**5/20 + y**3/3 + 6*y**2 + y. Suppose 4 = -l + 5*l. Let p be l/(2*(-3)/(-12)). Determine u(p).
14
Let x(k) be the first derivative of 75 + 5*k**2 - 346 + 0*k - 6*k**2 + 0*k**2 + 6*k. What is x(14)?
-22
Let o(x) = 2*x + 17. Let n be o(-7). Let k(m) = n + m**2 - 6 - 6*m + 0. Suppose -3 = 5*j - 33. Give k(j).
-3
Let n(x) = -x**3 + 13*x**2 - 10*x - 17. Let z be -6*(-1)/(-3*(-8)/48). Calculate n(z).
7
Let g(j) = -j**3 + 9*j**2 - 3*j - 4. Let r(h) = -h**3 + 15*h**2 + 29*h - 114. Let d be r(17). Let w = d - -208. Give g(w).
-31
Let u = 7588 + -7586. Let p(b) be the first derivative of -7 - u*b + 1/2*b**2. Give p(2).
0
Let v(f) be the first derivative of f**3/3 + 3*f**2/2 + 2*f + 1. Suppose -5 = 4*y + 3. Let i be y - 1 - (24/(-3) + 9). Calculate v(i).
6
Suppose -2 = q - 1. Let b(w) be the first derivative of 5*w**2/2 - 4384. Calculate b(q).
-5
Let d(s) = -14*s - 20. Let z(h) = -24*h - 42. Let p(j) = -9*d(j) + 5*z(j). Determine p(9).
24
Let a(w) be the third derivative of -w**6/120 - w**5/12 + w**4/6 - 5*w**3/3 + 2*w**2 + 4*w - 21. Give a(-7).
60
Suppose 6*t - 30*t + 216 = 0. Let j(y) = 16*y. Let p(x) = -29*x + 1. Let l(a) = -7*j(a) - 4*p(a). Give l(t).
32
Let f(j) be the second derivative of -3*j + 1/20*j**5 - 1 - 1/6*j**4 + 0*j**3 + 1/2*j**2. Let b(c) = -c**3 - 3*c**2 + 1. Let k be b(-3). Determine f(k).
0
Let v(a) be the second derivative of a**3/3 + 5*a**2 + 2*a. Let d(b) = 1 - 35*b - 2*b**3 + 8*b + 2 + 3 - 30*b**2. Let u be d(-14). Determine v(u).
-6
Let y(l) = 4*l + 2. Suppose 0 = z + 2*g - 105, z + 5*g + 192 = 3*z. Let a = 107 - z. Suppose 0 = -3*h - 15 + a. Give y(h).
-10
Let a(d) = -4*d + 9. Let s(b) = -3*b**2 + 5*b + 2. Let w(n) = -25*n**2 + 42*n + 17. Let c(f) = -51*s(f) + 6*w(f). Let y = -3 - -5. Let v be c(y). What is a(v)?
-15
Let h(x) = x - 6. Let l(i) = -4*i + 8. Let a be l(4). Let n = 9 + a. Let u be n/1 + (3 - -1). Give h(u).
-1
Let g(z) = 1480*z - 35 + 1496*z - 2982*z. What is g(-13)?
43
Let o(c) be the first derivative of 1/60*c**5 + 1/8*c**4 + 0*c - 15 - 23/2*c**2 - 4/3*c**3. Let f(w) be the second derivative of o(w). Give f(-6).
10
Let b = 77 + -72. Suppose -5*w + 19 = -3*w - j, b*w - 46 = j. Let d(p) = -w*p + 11*p - p. Calculate d(-2).
-2
Let i(v) = 224 - 378*v + 698*v - 310*v. What is i(-25)?
-26
Let b = 212 + -208. Let k be 2/b*2 + (15 - 18). Let x(n) = -n**3 - 3*n**2 - 3*n. Give x(k).
2
Suppose 607 = -5*q + 20*k - 22*k, -2*k = -2*q - 254. Let i = -114 - q. Let g(v) = -v**3 + 8*v**2 + 10*v + 10. Calculate g(i).
19
Let j(w) = 8*w**3 + 299*w**2 + 113*w + 81. Let b be j(-37). Let o(c) = -2*c**2 - 7*c + 19. Calculate o(b).
-128
Let q(o) = -16 - 343*o - o**2 - 73*o - 86*o + 572*o - 81*o. Let b = 4 + -13. Determine q(b).
2
Let l(t) be the first derivative of -t**6/120 + t**5/20 + t**4/4 - t**3/2 - 36*t**2 + 115. Let x(a) be the second derivative of l(a). Determine x(4).
5
Let w(c) = 3*c**2 + 237*c + 679. Let a be w(-76). Let g(v) = -2*v**3 - 3